e of 40?
True
Is 18 a factor of 203089?
False
Is 176397 a multiple of 25?
False
Does 103 divide 79928?
True
Is 323 a factor of 127585?
True
Is 39 a factor of 526428?
False
Does 94 divide 134771?
False
Is 16 a factor of 18618752?
True
Does 14 divide 5091260?
False
Is 9 a factor of 123363?
True
Is 25 a factor of 3430225?
True
Is 7426815 a multiple of 69?
True
Is 1270 a factor of 11047730?
True
Is 108432 a multiple of 12?
True
Is 103933 a multiple of 37?
True
Is 7 a factor of 289870?
True
Is 16 a factor of 13394120?
False
Is 3 a factor of 643611?
True
Is 589074 a multiple of 247?
False
Does 30 divide 921951?
False
Is 104253 a multiple of 31?
True
Is 12 a factor of 119483?
False
Does 31 divide 1542684?
True
Does 47 divide 1362077?
False
Is 318344 a multiple of 753?
False
Is 372625 a multiple of 110?
False
Is 498 a factor of 56772?
True
Is 259880 a multiple of 20?
True
Is 12 a factor of 1581848?
False
Is 930 a factor of 9148169?
False
Does 13 divide 185796?
True
Is 97930 a multiple of 70?
True
Does 437 divide 123453?
False
Is 7791 a multiple of 76?
False
Is 124 a factor of 1651373?
False
Does 7 divide 1493655?
False
Is 126 a factor of 3646?
False
Does 77 divide 1742202?
True
Does 18 divide 251190?
True
Does 432 divide 8734686?
False
Does 727 divide 474016?
False
Does 28 divide 14108155?
False
Does 9 divide 2467818?
True
Is 8 a factor of 72204?
False
Does 31 divide 19747?
True
Is 795 a factor of 684495?
True
Does 225 divide 1173825?
True
Does 37 divide 15792?
False
Does 16 divide 12364000?
True
Is 11 a factor of 857659?
True
Is 142 a factor of 66212?
False
Is 10 a factor of 505430?
True
Is 74 a factor of 390021?
False
Does 14 divide 4057219?
False
Is 301 a factor of 8027369?
True
Is 95302 a multiple of 3?
False
Is 17 a factor of 66292?
False
Is 50553 a multiple of 43?
False
Is 9124353 a multiple of 483?
True
Is 2056211 a multiple of 540?
False
Is 5246943 a multiple of 266?
False
Does 66 divide 1744177?
False
Does 181 divide 348606?
True
Is 51979 a multiple of 34?
False
Is 162 a factor of 645894?
True
Does 81 divide 203391?
True
Does 3 divide 11066?
False
Is 163 a factor of 1142708?
False
Does 64 divide 267978?
False
Does 61 divide 573853?
False
Is 17704 a multiple of 8?
True
Is 9669657 a multiple of 1265?
False
Is 127 a factor of 240894?
False
Does 1576 divide 2519665?
False
Is 29 a factor of 13808176?
True
Does 48 divide 271536?
True
Is 392653 a multiple of 165?
False
Is 242425 a multiple of 139?
False
Does 484 divide 958320?
True
Is 97652 a multiple of 226?
False
Does 197 divide 126638?
False
Does 139 divide 18269?
False
Is 1848810 a multiple of 218?
False
Does 5 divide 89377?
False
Is 291686 a multiple of 11?
False
Is 910240 a multiple of 160?
True
Does 19 divide 6743043?
True
Does 43 divide 1218891?
False
Does 36 divide 105120?
True
Does 71 divide 27935?
False
Is 5 a factor of 49715?
True
Is 423 a factor of 41031?
True
Is 44 a factor of 2071359?
False
Does 23 divide 20211381?
False
Does 25 divide 174964?
False
Does 125 divide 9973375?
True
Is 11 a factor of 265581?
False
Is 246 a factor of 551006?
False
Is 94336 a multiple of 111?
False
Does 100 divide 401300?
True
Is 648516 a multiple of 289?
True
Is 2288160 a multiple of 10?
True
Does 61 divide 30480736?
False
Is 85 a factor of 145010?
True
Is 4 a factor of 1164139?
False
Is 32 a factor of 3182976?
True
Is 12 a factor of 622264?
False
Is 17 a factor of 533513?
False
Is 851268 a multiple of 21?
False
Is 4366754 a multiple of 14?
True
Does 44 divide 1677412?
True
Is 9 a factor of 184851?
True
Does 124 divide 53698?
False
Is 442560 a multiple of 480?
True
Is 355260 a multiple of 4?
True
Is 3 a factor of 68381?
False
Is 248 a factor of 282472?
True
Does 335 divide 3126102?
False
Is 19 a factor of 698611?
True
Is 73 a factor of 89121?
False
Is 49235 a multiple of 2?
False
Does 140 divide 1551637?
False
Does 3 divide 1022827?
False
Is 42 a factor of 3279066?
True
Is 33 a factor of 8584441?
False
Is 15 a factor of 1860?
True
Does 138 divide 479826?
True
Is 13 a factor of 63609?
True
Is 3214750 a multiple of 397?
False
Is 1850132 a multiple of 356?
True
Is 5 a factor of 238026?
False
Is 50 a factor of 4888900?
True
Does 14 divide 196599?
False
Is 9 a factor of 1845715?
False
Does 76 divide 3689941?
False
Does 107 divide 116875?
False
Does 1024 divide 1532928?
True
Is 148 a factor of 826580?
True
Is 228540 a multiple of 78?
True
Does 10 divide 162483?
False
Does 22 divide 3118216?
False
Is 22932 a multiple of 21?
True
Does 3 divide 559538?
False
Is 96 a factor of 160075?
False
Is 15180 a multiple of 15?
True
Is 185524 a multiple of 10?
False
Does 21 divide 20664?
True
Is 153 a factor of 6389744?
False
Does 106 divide 4889070?
False
Does 36 divide 622703?
False
Is 1495092 a multiple of 69?
True
Is 14 a factor of 532476?
True
Is 157661 a multiple of 707?
True
Does 1317 divide 15639435?
False
Is 190 a factor of 5434483?
False
Is 3079881 a multiple of 21?
True
Does 1894 divide 14309247?
False
Is 357 a factor of 512295?
True
Is 189280 a multiple of 27?
False
Does 12 divide 1126344?
True
Does 3 divide 85678?
False
Is 41 a factor of 91079?
False
Does 14 divide 1308045?
False
Does 4 divide 83843?
False
Is 358 a factor of 414922?
True
Does 259 divide 4710072?
False
Does 138 divide 3818046?
True
Does 33 divide 15624227?
False
Is 8 a factor of 63782?
False
Does 7 divide 703220?
True
Is 19636305 a multiple of 1598?
False
Is 149 a factor of 68366?
False
Is 83 a factor of 4609929?
False
Is 23 a factor of 264852?
False
Is 14 a factor of 149444?
False
Is 58 a factor of 446832?
True
Is 6 a factor of 101940?
True
Does 734 divide 7131198?
False
Is 45 a factor of 6839595?
True
Is 55 a factor of 6729489?
False
Is 890707 a multiple of 49?
False
Does 4 divide 17208?
True
Does 21 divide 1207206?
True
Is 413026 a multiple of 176?
False
Is 74 a factor of 9061013?
False
Is 3 a factor of 1000050?
True
Does 30 divide 1404473?
False
Is 11637230 a multiple of 55?
True
Is 22359 a multiple of 43?
False
Is 131 a factor of 1086090?
False
Does 1024 divide 242413?
False
Is 150 a factor of 309600?
True
Does 274 divide 22327712?
True
Does 39 divide 26881221?
False
Is 351 a factor of 7144884?
False
Does 332 divide 17090717?
False
Does 146 divide 416538?
True
Is 23 a factor of 3735338?
True
Does 223 divide 1111655?
True
Does 50 divide 2638900?
True
Does 10 divide 2377053?
False
Is 54 a factor of 170046?
True
Is 138924 a multiple of 18?
True
Is 70 a factor of 659330?
True
Is 64714 a multiple of 26?
True
Does 8 divide 566330?
False
Is 349200 a multiple of 9?
True
Is 775 a factor of 3486919?
False
Is 123960 a multiple of 5?
True
Is 168 a factor of 108864?
True
Does 8 divide 1681954?
False
Is 319 a factor of 462550?
True
Does 4 divide 329756?
True
Is 11382468 a multiple of 1119?
True
Does 44 divide 36762785?
False
Does 13 divide 363519?
True
Is 53427 a multiple of 11?
True
Is 4797130 a multiple of 128?
False
Is 30743504 a multiple of 22?
True
Is 509 a factor of 1967285?
True
Does 20 divide 196740?
True
Does 23 divide 479665?
True
Is 6337 a multiple of 4?
False
Does 228 divide 3997296?
True
Does 73 divide 583635?
True
Is 14 a factor of 140210?
True
Does 3 divide 28485?
True
Does 6 divide 21252?
True
Is 283 a factor of 263190?
True
Is 16939026 a multiple of 379?
True
Does 11 divide 3064270?
True
Does 11 divide 268412?
False
Does 1588 divide 687604?
True
Does 44 divide 220060?
False
Does 16 divide 67248?
True
Does 14 divide 682514?
True
Is 42 a factor of 22252658?
False
Does 258 divide 870492?
True
Is 291 a factor of 298275?
True
Is 6 a factor of 740574?
True
Is 9 a factor of 86023?
False
Is 636767 a multiple of 8?
False
Does 32 divide 5817539?
False
Is 254 a factor of 6375400?
True
Is 39 a factor of 1972464?
True
Is 1834624 a multiple of 88?
True
Is 86521 a multiple of 38?
False
Does 82 divide 3308459?
False
Is 21 a factor of 100674?
True
Does 19 divide 989634?
True
Is 30 a factor of 589620?
True
Is 579189 a multiple of 29?
False
Is 17135 a multiple of 5?
True
Is 78 a factor of 110137?
False
Is 32 a factor of 232640?
True
Does 330 divide 15494839?
False
Is 290883 a multiple of 141?
True
Is 184 a factor of 21712?
True
Does 250 divide 425711?
False
Is 27 a factor of 71181?
False
Does 158 divide 275078?
True
Is 294000 a multiple of 392?
True
Is 2